= v + 2830. What is the thousands digit of k?
1
Suppose 23*c - 27*c - 3*d + 2189 = 0, -d = c - 548. What is the units digit of c?
5
Let c = -527 + 1264. Let u = -652 + c. What is the units digit of u?
5
Suppose 3*i = 8*k - 9*k - 85, -39 = i + 3*k. What is the hundreds digit of (-45)/10*6876/i?
1
Suppose -7*h + 5*c = -2*h - 195, 0 = -4*h + 3*c + 157. Let a = -37 + h. Suppose -212 = -a*u + u. What is the hundreds digit of u?
1
Let h(g) = 9*g + 14. Let n be h(12). Let y = 126 - n. What is the units digit of -2*y/(-56) - 2924/(-14)?
9
Let z(c) = -c**3 - 2*c**2 - 24. Let w be z(0). What is the units digit of -2 + ((w/(-3))/2 - -87)?
9
Suppose 2*b + 22 = -3*a, -20 = -4*a + 2*b - 26. What is the hundreds digit of (-84 - 3/(-3))*(-1 + a)?
4
Suppose 10241 = 4*c + 7*c. Let z = c + 31. What is the hundreds digit of z?
9
Suppose 2 = -2*d + 6. Suppose 0 = d*o + 2*o - 5*c - 549, -2*o + 4*c = -270. Suppose -13 + o = 2*j. What is the tens digit of j?
6
Let x = -21 - -23. Suppose -6 = x*n - 10. Suppose -3*k + n*d + 262 = 0, 5*k - 350 - 86 = 3*d. What is the units digit of k?
6
Let n = 3 + 1. Suppose -5*f + 2*f + n*d = -317, f - 110 = -3*d. Suppose -101 = -4*t + f. What is the units digit of t?
2
What is the units digit of 7*84/(-686) - 444075/(-35)?
7
Let b(z) = 345*z - 1. Let p(q) = -4*q + 41. Let t be p(10). What is the tens digit of b(t)?
4
Let o(p) be the first derivative of 34*p + 2*p**2 - 5 - 3 + 8*p**2 - 2*p**2. What is the tens digit of o(7)?
4
Let i = -13721 + 18907. What is the thousands digit of i?
5
What is the units digit of (-65 + 75)*(501 - -1)?
0
Suppose 2596 = -2*t + 5*t - 5*n, 4*t - 2*n - 3480 = 0. Let l = 1599 - t. What is the units digit of l?
7
Let r(l) = l**2 + 44*l + 242. Let u be r(-38). Suppose u*y - 2610 = 8*y. What is the units digit of y?
5
Suppose 66*t - 366192 = -6*t. What is the units digit of t?
6
Let s = -17 + 22. Suppose -b = -5*r + 7, 4*r - 14 = -s*b + 9. Suppose -b*g + 4*o = -g - 244, 3*o = -5*g + 623. What is the hundreds digit of g?
1
Suppose -7578 = -2*u + 204*c - 200*c, 3*u = -2*c + 11367. What is the thousands digit of u?
3
Suppose 510*k = 3918448 + 5232482. What is the tens digit of k?
4
Suppose 0*u + 30 = 10*u. Let v be (u - -52)*(-32)/20. Let r = -51 - v. What is the units digit of r?
7
Suppose 0 = -15*c + 42322 + 37793. What is the units digit of c?
1
Let x = 129 + 24. Suppose 0 = -6*l + 457 + 731. Suppose x - l = -5*c. What is the units digit of c?
9
Let a = 41 - 35. Let v(b) = 15*b**2 - 6*b - 42. What is the units digit of v(a)?
2
Let a(i) = 77*i**3 + 7*i**2 - 26*i + 5. What is the thousands digit of a(4)?
4
Let u(y) = -58*y - 1. Let k be u(1). Let f = 55 + k. What is the hundreds digit of (-1 - f)*130/3?
1
Suppose 4712 = 18*z - 2542. Suppose -z = 13*h - 5837. What is the units digit of h?
8
Suppose -16716 = 19*q - 40*q. What is the hundreds digit of q?
7
Let s = 3470 + -2060. Suppose -5*g - 5*v + s = -g, -5*g + 2*v = -1746. What is the hundreds digit of g?
3
Let y be 10*((-9)/4 + 2)*-2. Suppose 0 = t - y. Suppose -3*x + t*w - 41 = -153, 0 = 5*x - 2*w - 174. What is the units digit of x?
4
Suppose -19*u - 1140 = -285. What is the tens digit of (2 + 2 - 1)/(u/(-16035))?
6
Let u be (10 + -5)*(-2)/5*191. Let t = u + 677. What is the tens digit of t?
9
Let z = -84 - -92. Suppose -z*j = -3284 + 724. What is the tens digit of j?
2
Let x(i) = -i**3 - 4*i**2 + 9*i + 12. Let o be x(-5). Let n be o/(-12) - 10/(-3). Suppose -2*b = -2*z - 28, -n*b - 5*z = -24 - 14. What is the tens digit of b?
1
Suppose 5*q = 0, 18*t = 16*t + 4*q - 24. What is the units digit of 3 + t/5 - 7504/(-35)?
5
Let g = -17619 + 30152. What is the thousands digit of g?
2
Let x(g) = -16*g + 2. Let w be x(-1). Let u be -2 - (5/((-15)/w))/2. Let h = 60 + u. What is the units digit of h?
1
Let y = -8004 - -10175. What is the units digit of y?
1
Suppose 65*s = -49*s - 1991273 + 7653539. What is the hundreds digit of s?
6
Suppose -5*v - 3*n + 2 = -7, -5*v = n - 13. Suppose i - 5 - 49 = -4*f, -2*i + 118 = v*f. Let g = -36 + i. What is the units digit of g?
6
Let m(c) = 809*c**2 + 63*c + 267. What is the hundreds digit of m(-5)?
1
Suppose 2*u = -2*n - 2, -9*n + 6*n - 4*u = 8. Suppose -3*s + 2 + n = 0, 2*s = 4*y - 1272. What is the units digit of y?
9
Let y(b) = 7*b**2 + b + 1. Let g be y(-2). Let h = g - 22. Suppose 3*v - 4*r = 304, 3*r = -h*v + v + 372. What is the units digit of v?
6
Let r be (50/(-5) + 6)*(-1)/1. What is the thousands digit of 79391/62 + (-2)/r?
1
Suppose -4*y = -6*y - 11*y. Suppose 4*n - 2376 = 2*c, 5*c - 2985 = -5*n - y*n. What is the hundreds digit of n?
5
Let u(s) = 1149*s - 12065. What is the units digit of u(57)?
8
Suppose -3*k + j + 5431 = 0, 0 = -2*j + 1 + 9. Suppose -k = -7*r + 3872. What is the hundreds digit of r?
8
What is the hundreds digit of 21*14/2205 + 158023/15 + 1?
5
Suppose 0 = -5*k, -3*k - 100 = 3*a - 8*a. Let i(y) = y**2 - 5*y - 283. What is the tens digit of i(a)?
1
Let v = 5447 + -2892. What is the hundreds digit of v?
5
Let p = -363 - -367. Suppose 0*n - 3*n = 5*w - 332, n + 4*w = 113. Suppose p*t - 448 = h, 3*t + 5*h + n = 422. What is the units digit of t?
1
Let z = -174 - -174. Suppose -a + 275 = 2*a - 2*j, z = -a + 4*j + 85. What is the tens digit of a?
9
Let o be (5 - 7)*(-5)/2. Suppose -3*v - 4*j + 50 + 108 = 0, -o*v - 2*j + 268 = 0. Suppose 0 = 5*a - 10, a - v = -3*p - 7. What is the units digit of p?
5
Let s = 126 - 121. Suppose -2*v = -s*v + 1440. Suppose -5*z - 5*k - 63 = -538, -5*z + v = 4*k. What is the units digit of z?
0
Let q(c) = 2*c**3 + c**2 + c + 7. Let u be q(3). Let v = u + -42. What is the tens digit of v?
3
Let w(a) = -184*a + 125. Let c be w(-4). What is the hundreds digit of (-4)/(-24)*4*c?
5
Let u = 56413 - 34126. What is the ten thousands digit of u?
2
Suppose -3*y + 5*o + 2076 = 0, -3254 = -4*y + o - 452. What is the hundreds digit of y?
7
Let x(q) = 25*q**2 - 62*q - 794. What is the thousands digit of x(40)?
6
Let z be 114/(-10) + 12/(-20). Suppose 20*m + 294 = 22*m. What is the units digit of m*(1/z)/((-10)/40)?
9
Suppose -c - 4 = 6. Let a = c - 2. What is the tens digit of (-4)/a + (-206)/(-3)?
6
Suppose g - 34150 = 3*m, 151*g - 152*g + 34175 = 2*m. What is the thousands digit of g?
4
Suppose -10*i + 328 = -182. What is the units digit of 36856/i - (-2)/(-3)?
2
Let k(v) = 4702*v**3 + v**2 - 158*v + 158. What is the hundreds digit of k(1)?
7
Let h be 18/(-6)*-2702 + -5 + -1. Suppose -8*b - 2*b = -h. What is the hundreds digit of b?
8
Let j(a) = 4*a**2 + 10*a - 4. Suppose 0 = -5*y - 4*f + 3*f + 9, -5*y = 2*f - 8. Suppose i = 3*b + y*b + 12, 0 = -2*i - b - 9. What is the units digit of j(i)?
2
Let z = 8281 - 8280. Let l be 698/6 + 4/6. Suppose -l + z = -2*d. What is the units digit of d?
8
Let m(i) = -i**2 + 68*i - 208. Suppose -2*n + 120 = n. What is the units digit of m(n)?
2
Let j = 35 + 16. Suppose j*i = 47*i - 20. What is the tens digit of 4/6 + i + (-2224)/(-12)?
8
Let g(h) = 1816*h + 3542. What is the units digit of g(9)?
6
Suppose -9677 = -m - v, -5*m + 5*v = 20313 - 68688. What is the units digit of (18/99 - m/(-22)) + 3?
3
Let o(d) = 32*d**2 - 4*d + 5. Let g = -54 + 51. Let h be o(g). Suppose 0 = -2*c + 4*b + 96, 5*c + 6*b - h = 3*b. What is the tens digit of c?
5
Let p = -30 - 41. Let u = -65 - p. Suppose 10 = -u*d + d, -2*z + 150 = 3*d. What is the units digit of z?
8
Suppose j = 4 - 1, -5*y + j + 5157 = 0. Suppose 10*v + 618 = -y. Let s = -72 - v. What is the units digit of s?
3
Let u(h) = h**2 - 10*h + 9. Let s be u(9). Let j(p) = -p**2 + 3. Let f be j(s). Suppose 8*w = f*w + 75. What is the units digit of w?
5
Suppose -2*d - 45*h = -50*h - 47, -4*h = -d + 31. Let t(c) = 6*c**2 + 35*c - 226. What is the tens digit of t(d)?
8
Suppose -13*w - 17*w + 727830 = 0. What is the tens digit of w?
6
Let x be (222/9)/((-4)/(-6)). Let h = x - 35. Suppose 92 = h*d - 4. What is the tens digit of d?
4
Let h be 2 - (2/(-20) + (-405)/450). Suppose 0 = -4*d - 5*s + 5352, 0 = -d + h*s - 328 + 1666. What is the units digit of d?
8
Suppose 44*r - 22083 = 245481. What is the units digit of r?
1
Suppose -1 - 5 = 3*m - 5*h, -5*m - 5*h = -30. Suppose -v - 29 = -5*q, 2*q - 3*v - m = q. Suppose 0 = -q*b + 4*b + 62. What is the tens digit of b?
3
Let d = -182 + 177. What is the tens digit of -286*